ainder when 32 is divided by 11.
10
Calculate the remainder when 220 is divided by 3.
1
Calculate the remainder when 2414 is divided by 105.
104
What is the remainder when 75 is divided by 65?
10
Calculate the remainder when 521 is divided by 29.
28
What is the remainder when 190 is divided by 161?
29
Calculate the remainder when 8864 is divided by 197.
196
What is the remainder when 538 is divided by 189?
160
Calculate the remainder when 598 is divided by 120.
118
What is the remainder when 43 is divided by 36?
7
What is the remainder when 3206 is divided by 22?
16
Calculate the remainder when 413 is divided by 19.
14
What is the remainder when 1573 is divided by 7?
5
Calculate the remainder when 2109 is divided by 48.
45
Calculate the remainder when 117 is divided by 24.
21
What is the remainder when 238 is divided by 41?
33
Calculate the remainder when 387 is divided by 34.
13
Calculate the remainder when 1030 is divided by 442.
146
What is the remainder when 1229 is divided by 140?
109
Calculate the remainder when 504 is divided by 70.
14
What is the remainder when 21207 is divided by 14?
11
Calculate the remainder when 180 is divided by 78.
24
Calculate the remainder when 7496 is divided by 10.
6
What is the remainder when 501 is divided by 84?
81
Calculate the remainder when 216 is divided by 3.
0
What is the remainder when 82 is divided by 5?
2
What is the remainder when 6757 is divided by 109?
108
What is the remainder when 31 is divided by 5?
1
Calculate the remainder when 141 is divided by 21.
15
Calculate the remainder when 105 is divided by 22.
17
What is the remainder when 1859 is divided by 12?
11
What is the remainder when 2954 is divided by 15?
14
What is the remainder when 2045 is divided by 662?
59
What is the remainder when 264 is divided by 76?
36
Calculate the remainder when 177 is divided by 7.
2
Calculate the remainder when 857 is divided by 33.
32
Calculate the remainder when 41 is divided by 31.
10
Calculate the remainder when 5135 is divided by 27.
5
What is the remainder when 859 is divided by 144?
139
What is the remainder when 80 is divided by 7?
3
Calculate the remainder when 11717 is divided by 20.
17
What is the remainder when 378 is divided by 18?
0
What is the remainder when 2603 is divided by 84?
83
What is the remainder when 6 is divided by 2?
0
Calculate the remainder when 819 is divided by 137.
134
What is the remainder when 3429 is divided by 17?
12
Calculate the remainder when 80 is divided by 20.
0
Calculate the remainder when 206 is divided by 15.
11
Calculate the remainder when 458 is divided by 66.
62
Calculate the remainder when 323 is divided by 194.
129
What is the remainder when 220 is divided by 16?
12
What is the remainder when 15 is divided by 5?
0
Calculate the remainder when 64 is divided by 32.
0
Calculate the remainder when 21 is divided by 5.
1
What is the remainder when 1258 is divided by 252?
250
Calculate the remainder when 7771 is divided by 29.
28
What is the remainder when 5460 is divided by 2728?
4
Calculate the remainder when 371 is divided by 88.
19
Calculate the remainder when 1050 is divided by 521.
8
What is the remainder when 471 is divided by 121?
108
What is the remainder when 419 is divided by 63?
41
What is the remainder when 1383 is divided by 31?
19
Calculate the remainder when 95 is divided by 57.
38
Calculate the remainder when 2209 is divided by 33.
31
Calculate the remainder when 43 is divided by 27.
16
What is the remainder when 28 is divided by 9?
1
Calculate the remainder when 836 is divided by 160.
36
What is the remainder when 372 is divided by 220?
152
What is the remainder when 724 is divided by 195?
139
What is the remainder when 954 is divided by 305?
39
Calculate the remainder when 10101 is divided by 8.
5
Calculate the remainder when 78 is divided by 14.
8
Calculate the remainder when 379 is divided by 183.
13
Calculate the remainder when 1868 is divided by 34.
32
Calculate the remainder when 395 is divided by 103.
86
What is the remainder when 6060 is divided by 14?
12
What is the remainder when 178 is divided by 4?
2
Calculate the remainder when 44 is divided by 6.
2
What is the remainder when 1308 is divided by 94?
86
Calculate the remainder when 117 is divided by 61.
56
Calculate the remainder when 291 is divided by 68.
19
What is the remainder when 121 is divided by 30?
1
What is the remainder when 29 is divided by 16?
13
Calculate the remainder when 123 is divided by 43.
37
Calculate the remainder when 713 is divided by 236.
5
Calculate the remainder when 1436 is divided by 48.
44
Calculate the remainder when 221 is divided by 75.
71
Calculate the remainder when 82 is divided by 17.
14
Calculate the remainder when 393 is divided by 392.
1
Calculate the remainder when 6038 is divided by 318.
314
What is the remainder when 144 is divided by 39?
27
Calculate the remainder when 95 is divided by 13.
4
Calculate the remainder when 2753 is divided by 19.
17
What is the remainder when 107 is divided by 62?
45
Calculate the remainder when 1899 is divided by 18.
9
What is the remainder when 162 is divided by 42?
36
Calculate the remainder when 677 is divided by 116.
97
What is the remainder when 1243 is divided by 7?
4
What is the remainder when 2517 is divided by 90?
87
What is the remainder when 2889 is divided by 34?
33
Calculate the remainder when 39 is divided by 26.
13
What is the remainder when 263 is divided by 262?
1
What is the remainder when 1017 is divided by 27?
18
What is the remainder when 1608 is divided by 230?
228
What is the remainder when 133 is divided by 31?
9
Calculate the remainder when 144 is divided by 35.
4
Calculate the remainder when 102 is divided by 25.
2
What is the remainder when 79 is divided by 8?
7
What is the remainder when 10485 is divided by 214?
213
What is the remainder when 132 is divided by 35?
27
Calculate the remainder when 5958 is divided by 39.
30
Calculate the remainder when 101 is divided by 62.
39
What is the remainder when 267 is divided by 47?
32
What is the remainder when 420 is divided by 3?
0
What is the remainder when 90 is divided by 52?
38
What is the remainder when 628 is divided by 208?
4
What is the remainder when 72 is divided by 20?
12
What is the remainder when 937 is divided by 85?
2
What is the remainder when 23 is divided by 3?
2
What is the remainder when 402 is divided by 13?
12
Calculate the remainder when 1197 is divided by 30.
27
What is the remainder when 975 is divided by 8?
7
Calculate the remainder when 934 is divided by 39.
37
What is the remainder when 612 is divided by 56?
52
Calculate the remainder when 532 is divided by 334.
198
What is the remainder when 294 is divided by 11?
8
What is the remainder when 303 is divided by 22?
17
What is the remainder when 6269 is divided by 128?
125
Calculate the remainder when 1090 is divided by 442.
206
What is the remainder when 153 is divided by 26?
23
Calculate the remainder when 187 is divided by 87.
13
Calculate the remainder when 58 is divided by 7.
2
What is the remainder when 246 is divided by 216?
30
Calculate the remainder when 209 is divided by 56.
41
What is the remainder when 400 is divided by 17?
9
Calculate the remainder when 374 is divided by 25.
24
Calculate the remainder when 51 is divided by 50.
1
Calculate the remainder when 130 is divided by 7.
4
What is the remainder when 4070 is divided by 23?
22
What is the remainder when 1043 is divided by 11?
9
What is the remainder when 333 is divided by 101?
30
What is the remainder when 102 is divided by 57?
45
What is the remainder when 714 is divided by 55?
54
Calculate the remainder when 662 is divided by 141.
98
What is the remainder when 82 is divided by 18?
10
What is the remainder when 176 is divided by 30?
26
Calculate the remainder when 363 is divided by 363.
0
Calculate the remainder when 2657 is divided by 147.
11
What is the remainder when 2469 is divided by 13?
12
What is the remainder when 240 is divided by 83?
74
Calculate the remainder when 1362 is divided by 47.
46
What is the remainder when 295 is divided by 17?
6
What is the remainder when 636 is divided by 40?
36
What is the remainder when 2215 is divided by 60?
55
Calculate the remainder when 420 is divide